 136/16)/(2/(-1500)) is divided by 63?
60
Let v(m) = 10*m**2 + 4*m. Suppose 0 = -4*o + 7 + 21. Calculate the remainder when v(-2) is divided by o.
4
Let c = 39 + -45. What is the remainder when (-2208)/80*(c + 1) is divided by 28?
26
Suppose 0*h + 5*h = 0. Let s = -28 - -32. Suppose 2*j - y - 38 = -0*j, -s*j - 3*y + 76 = h. Calculate the remainder when j is divided by 11.
8
Suppose 5*x - 9 = -54. Let s = 5 + x. What is the remainder when 38/s*-2*1 is divided by 10?
9
Let t = -80 - -99. What is the remainder when 4 + -4 + 1*70 is divided by t?
13
Let h = -270 + 312. What is the remainder when 76 is divided by h?
34
Let r(p) = 2*p**2 + 17*p - 29. Let q(n) = -3*n**3 - 3*n**2 - n. Calculate the remainder when r(3) is divided by q(-2).
12
What is the remainder when 190*((-30)/(-8))/(36/72) is divided by 12?
9
Let d = -677 + 727. What is the remainder when d is divided by 11?
6
Suppose 0 = -19*q + 24*q + 15, s - 4*q - 140 = 0. What is the remainder when s is divided by 50?
28
Let y(b) = 7*b + 65. Calculate the remainder when 40 is divided by y(-5).
10
Suppose 0 = 30*z - 34*z + 664. What is the remainder when z is divided by 8?
6
Let o = 66 - 20. Let w(h) = h**3 + 5*h**2 - 6*h + 7. Let q be w(-6). Let m(s) = s**2 - 5*s + 10. What is the remainder when o is divided by m(q)?
22
Let j(f) = -14*f - 149. Calculate the remainder when 588 is divided by j(-13).
27
Suppose 52 = 3*o - 2*q - 237, 0 = -3*o + 4*q + 293. Suppose 0 = -10*w - 3*w - 16 + 198. Calculate the remainder when o is divided by w.
11
Suppose 0 = 14*q - 19*q - 3*a + 155, -160 = -5*q - 2*a. Calculate the remainder when 158 is divided by q.
22
Let l(x) be the second derivative of -x**3/6 - 4*x**2 + 6*x. Suppose 3*q - 32 = 2*p, 2*q = 2*p - 3*p + 12. Calculate the remainder when l(-22) is divided by q.
6
Suppose 0 = 5*f - 124 - 491. What is the remainder when f is divided by 6?
3
Suppose -3*k + 35 = -22. What is the remainder when 71 is divided by k?
14
Suppose -3*k + 12 - 3 = 0, -4*t + 464 = -4*k. Calculate the remainder when t is divided by 40.
39
Let x = -3103 + 3194. Calculate the remainder when 247 is divided by x.
65
Let a(m) = -m**3 + 8*m**2 + 10*m - 5. Let d be a(9). Suppose -f - d*t + 24 = -6, -t - 64 = -3*f. What is the remainder when 130 is divided by f?
20
Let g(h) = h**3 - 5*h**2 + h - 3. Let l be (-1)/7 + (-3322)/(-77). Let s = 45 - l. Calculate the remainder when g(5) is divided by s.
0
Suppose 4*p - 120 = -0. Let m = 35 - p. Suppose q - 4*q + 42 = 0. What is the remainder when q is divided by m?
4
Let d(n) = n**3 - n**2 - 2*n - 2. Let f = -27 - -27. Let c be d(f). Calculate the remainder when 14 is divided by c - (-5)/(20/28).
4
Let i = 36 + 4. Calculate the remainder when i is divided by 17.
6
Let g = 432 + -171. What is the remainder when g is divided by 66?
63
Suppose -256 - 204 = -5*c. Suppose -3*h = -h - c. What is the remainder when h is divided by ((-128)/(-80))/((-4)/(-30))?
10
Suppose -2*g - 4 = 4*q + q, -1 = 3*g + 5*q. Suppose 48 = -g*d + 5*d. Let f = -110 + 203. Calculate the remainder when f is divided by d.
21
Suppose 213*t - 440 = 173*t. Calculate the remainder when 15 is divided by t.
4
Let t = -12 + 32. Suppose 2*j - 4*j = -74. What is the remainder when j is divided by t?
17
Let s = 37 - 28. Suppose 0 = -z - 3, -4*o + 3*z + 112 = -s. Calculate the remainder when 110 is divided by o.
26
Let z = -2 - -5. Suppose 3*u - 12 = z*n, -5*u + 14 = -n + 2*n. Suppose 20 = -14*i + 18*i, 5*i - 80 = -5*c. Calculate the remainder when c is divided by u.
2
Suppose 3*w + 10 = 5*w. Suppose -o = -2*v - 131, -2*o = -w*v - 158 - 108. What is the remainder when o is divided by 25?
23
Let l be 1 - (1 - 9/3). Suppose 8 + 1 = l*s. Suppose -s*q + 22 = -11. What is the remainder when 20 is divided by q?
9
Let m = 12 - -243. Suppose 9*w - 114 = m. Calculate the remainder when w is divided by 21.
20
Suppose 4*w = 4*r + 64, 12 = -w + 2*w + r. Let f = 14 - 8. Suppose z = f + 3. What is the remainder when w is divided by z?
5
Let c be 1004/14 - (-6 + 120/21). Let a = -49 + c. What is the remainder when a is divided by 7?
2
Suppose 100 + 355 = 5*r. Calculate the remainder when r is divided by 20.
11
Let j = 117 + -57. Calculate the remainder when j is divided by -3*(-4)/(-6) + (-20 - -31).
6
What is the remainder when (-1091153)/(-776) - 2/16 is divided by 15?
11
Suppose 4 = 3*u - 8. Suppose -z - 2 = 2, -5*o + u*z + 166 = 0. Calculate the remainder when o is divided by 11.
8
Let o = 13 - 56. Let c = -28 - o. Calculate the remainder when 55 is divided by c.
10
Let o(y) = -y**3 - 5*y**2 - 7*y - 2. What is the remainder when 316 is divided by o(-4)?
6
Let v = -50 - -52. What is the remainder when -3*(-1)/(2/(16 - v)) is divided by 9?
3
Suppose -15*r + 1935 = 28*r. What is the remainder when r is divided by 15?
0
Suppose 2*q + q = 0. Suppose q = -2*r + 28 + 6. Let l = 223 + -141. Calculate the remainder when l is divided by r.
14
Let f = 55 + 44. Let b(s) = s**2 - 167*s - 1021. What is the remainder when f is divided by b(-6)?
14
Suppose -3*u + 7 + 2 = 0. Let d(x) = -x**2 - 6*x - 2. Calculate the remainder when u is divided by d(-5).
0
Let g(h) = 87*h + 466. What is the remainder when 57 is divided by g(-5)?
26
Let v = 3 - 3. Let p = v - -8. Let n(u) = -2*u + 90. What is the remainder when n(30) is divided by p?
6
Suppose 6*w - 5*b - 6 = 3*w, 0 = 5*w + 5*b - 10. Suppose u + l - 3 = 13, -w*l = -4*u + 70. Calculate the remainder when u is divided by 92/14 + 20/(-35).
5
Suppose 0 = -i - 3 + 5. Suppose 0 = -i*f - 0*g - 5*g + 79, -2*f + 29 = -5*g. Calculate the remainder when 52 is divided by f.
25
Let u(a) = -14*a + 7. Let g(v) = 27*v - 13. Let m(t) = 6*g(t) + 11*u(t). Calculate the remainder when m(10) is divided by (4/2 - -28) + (-2 - 1).
25
Suppose -2*v + 28 + 40 = -2*o, 5*v = o + 154. Calculate the remainder when v is divided by 17.
13
Suppose 4*u + 2*c = 2*u + 14, 3*u - 27 = 3*c. Suppose -u*b = -11 - 101. Calculate the remainder when b is divided by 10.
4
Let b(c) = -c**2 - c - 23 + 0*c**2 + 21*c. Let x = 147 + -129. What is the remainder when b(x) is divided by 8?
5
Let q = 8 + -13. Let z = 266 + -252. What is the remainder when (q/(-2))/(1/10) is divided by z?
11
Let y = 92 - 72. Calculate the remainder when 28 is divided by y.
8
Suppose 74 = -p + 97. Calculate the remainder when 197 is divided by p.
13
Suppose 0 = 15*l - 82 - 38. Calculate the remainder when 30 is divided by l.
6
Suppose -3*k + 10 = 2*k. Suppose 0*m - k*m = -66. Calculate the remainder when m is divided by 11 - 3/1 - -1.
6
Suppose -2*t + 1 = a - 1, 4*t = 0. Suppose -78 + 9 = -3*l - a*c, 3*c + 54 = 3*l. Calculate the remainder when l is divided by 11.
10
Let j(m) = m**2 + 4*m. Let w be j(-4). Suppose w = 3*z - 4*z + 47. Suppose 0*f + 2*f = 0, 4*f = -q + 12. What is the remainder when z is divided by q?
11
Calculate the remainder when 16 is divided by ((-7)/(-14))/(5/70).
2
Let u(h) = 2*h**2 - 23*h + 66. Calculate the remainder when u(14) is divided by 38.
22
Let d = 27 - 6. Suppose 7 = -7*h + d. Suppose -h*f + 75 = f. What is the remainder when 49 is divided by f?
24
Let b = 13 + 9. Suppose b = 7*n - 48. What is the remainder when 46 is divided by n?
6
Suppose 7*p + 5184 = 55*p. Calculate the remainder when p is divided by (-74)/(-4)*(4 - 2).
34
Suppose 3*n + 2*g + 20 = 153, -176 = -4*n - 3*g. Let t = 304 + -211. What is the remainder when t is divided by n?
46
Let r(u) = 16*u - 179. Calculate the remainder when 1076 is divided by r(16).
75
Let b(g) be the first derivative of g**3/3 + 2*g**2 - 6*g + 5. Let x be b(-9). Suppose -4*o + x = -o. Calculate the remainder when 23 is divided by o.
10
Let i(j) be the second derivative of j**4/12 - 2*j**3/3 - 7*j**2/2 + 19*j. What is the remainder when 27 is divided by i(7)?
13
Let c = 493 + -325. What is the remainder when 168 is divided by c?
0
Suppose 4*k - 473 = 1699. What is the remainder when k is divided by 32?
31
Let r(o) = 2*o**3 + 5*o**2 - 3*o - 5. Let q(c) = c**3 + 6*c**2 - 4*c - 4. Let n(f) = -3*q(f) + 2*r(f). Calculate the remainder when n(8) is divided by 13.
11
Suppose -5*l + 57 + 18 = 0. Let f be (4/5)/(28/70). Suppose 4*z - 5*z + f*k = -27, -4*k + l = z. Calculate the remainder when z is divided by 13.
10
Let o be 2/3 + (-15)/(-45). Suppose 7*y = 113 - o. What is the rem